(-1)/(-2). Suppose s*b = 4*b - 280. What is the remainder when b is divided by 24?
22
Let f(x) = -x**3 + 5*x**2 + 6*x + 14. Let y = 297 + -186. Calculate the remainder when y is divided by f(6).
13
Let i(u) = -u**3 + 7*u**2 + u - 3. Let v be i(7). Suppose 37 = g + x + 2*x, -92 = -v*g + 2*x. What is the remainder when g is divided by 13?
12
Let m = -115 - -302. Calculate the remainder when m is divided by 30.
7
Suppose -210 + 191 = -u. Calculate the remainder when 151 is divided by u.
18
Let j(d) = d**3 - 6*d**2 - 9*d - 7. Let m be j(7). Let g = m - -29. What is the remainder when 22 is divided by g?
6
Let x(q) = 19*q**2 - 3*q + 3. Suppose -l + 2*u + 7 = 0, -4*l + 5*u + 23 = -11. Calculate the remainder when x(1) is divided by l.
8
Let a(u) = 7*u**2 - u + 7. Suppose 0 = -l + 4*s - 6*s + 6, 5*l + s = -15. What is the remainder when a(l) is divided by 31?
30
Suppose -36*n + 1980 = 24*n. Calculate the remainder when n is divided by 18.
15
Calculate the remainder when 25 is divided by -4*(-8)/(-96)*-27.
7
Let a(m) = 45*m. Let y be a(4). Let q = y + -98. Let k = -289 + 310. Calculate the remainder when q is divided by k.
19
Let p be 3/((30/134)/5). Let k = p + 5. Calculate the remainder when k is divided by 15.
12
Let j(y) be the third derivative of -y**6/120 - y**5/60 + y**4/24 + 2*y**3/3 - 5*y**2. Suppose 6*n = 11*n - 35. What is the remainder when n is divided by j(0)?
3
Suppose 0 = 13*m - 75 + 23. Let k = 27 - 13. What is the remainder when (-3)/(4 + (m - 195/24)) is divided by k?
10
Suppose 4*o + 0 = 16. Let m = 73 - 39. Calculate the remainder when m is divided by (9/o)/(4/32).
16
Suppose 3*f = 6*f - 6. Suppose -3*v - 3 = 0, 0 = -k - 2*k - f*v + 181. Suppose -27 = -2*q + k. What is the remainder when q is divided by 9?
8
Suppose 0 = -2*q + p + 100, 41*q - 3*p - 45 = 40*q. What is the remainder when 406 is divided by q?
49
Suppose 16*k + 16*k = 32. What is the remainder when 5 is divided by k?
0
Suppose -4*m = 2*m + 114. Let q = 28 + m. What is the remainder when 17 is divided by q?
8
Suppose 73*l = 65*l + 40. Suppose 5*k - 90 = 2*j, -6*k + 2*k + 95 = 3*j. Calculate the remainder when k is divided by l.
0
Let b(d) = -d**2 - 6*d - 2. Let w be b(-5). Suppose 3*v - 2*v + 267 = 5*q, 153 = 3*q - 3*v. What is the remainder when q is divided by 26 - (w + -4) - -1?
26
Suppose -2*z + 21 = 4*u - 7, 2*z - u = 8. Let g = z - -6. What is the remainder when 46 is divided by g?
10
Let l(y) = -y**3 - 11*y**2 - 12*y - 12. Let x be l(-10). Let b be x/40 + 11/(-5). What is the remainder when (b - -23)*18/21 is divided by 7?
4
Suppose -3*w - 4*t + 34 - 7 = 0, 2*w - 17 = -3*t. Let m(b) = 47*b**3 - b**2 + b. What is the remainder when m(1) is divided by w?
8
Suppose -606 + 621 = 3*g. What is the remainder when 26 is divided by g?
1
Suppose 4*d - 1283 = z, -968 = -3*d - 3*z - 2*z. What is the remainder when d is divided by 14?
13
Let m(r) = -11*r + 579. What is the remainder when 1199 is divided by m(49)?
39
Let t(p) = -p**3 + 6*p**2 - p + 14. Let q be t(6). Let a = q + -6. Suppose -4*y = -4*m - 44, 2*y + 5*m - 17 = -a. What is the remainder when 49 is divided by y?
9
Let d(b) be the first derivative of -13*b**4/4 - 2*b**3/3 - b**2 - b - 3. Suppose -14*v + 4 = -18*v. What is the remainder when 21 is divided by d(v)?
9
Let d = -61 + 93. Let j = 20 - d. Calculate the remainder when 53 is divided by (-8)/j - (-40)/3.
11
Let p(j) = 2*j + 11. Let u be p(-4). Suppose 12 = u*r, -4*v - 6*r = -r - 116. What is the remainder when v is divided by 13?
11
Let q(s) = -2*s**3 - 4*s**2 - s - 4. Let m be q(-3). Let t = -13 + m. Suppose -2*b + 6 = t. What is the remainder when 3 is divided by b?
0
Let j = -94 - -56. Let u = j - -82. Calculate the remainder when u is divided by 15.
14
Let q(x) = x**2 + 5*x - 4. Suppose -6*o + 155 + 67 = 0. Calculate the remainder when q(10) is divided by o.
35
Let i = 252 - 198. What is the remainder when 321 is divided by i?
51
Suppose -4 = 4*r, 0*v + 3*r + 23 = 4*v. Let q(h) = 0*h - 3 + 2*h + 4*h. Calculate the remainder when q(v) is divided by 14.
13
Let q = 29 + -24. Calculate the remainder when ((-1)/(-2))/((-12)/(-456)) is divided by q.
4
Let n be (16/3)/(3/(-9)). Suppose 11*j + 16 = 15*j. What is the remainder when j*((-204)/n - -1) is divided by 14?
13
Let q be 3 - (-4)/16*-4. Suppose -3*c = 6*y - y - 166, 5*y = q*c - 94. Calculate the remainder when 153 is divided by c.
49
Suppose 34*t = -3880 + 10646. Calculate the remainder when t is divided by 30.
19
Let f(l) = -l - 12. Let m be f(-11). Suppose -11*o = -5*o + 24. What is the remainder when 32 is divided by (m/o)/((-2)/(-136))?
15
Suppose -30*w - 3*a + 227 = -28*w, -2*a - 2 = 0. Let o = 53 + -24. What is the remainder when w is divided by o?
28
Suppose -60 = 255*z - 260*z. What is the remainder when 33 is divided by z?
9
Suppose -b + 3*x + 13 = -0*b, -3*b = -5*x - 43. Suppose 0 = b*h - 13*h - 75. Calculate the remainder when h is divided by 14.
11
Let f(k) = k**3 + 7*k**2 - 3*k - 3. What is the remainder when (1 - 3)/((-218)/22018) is divided by f(-6)?
49
Suppose 280 = -5*d + 2*z, -4*z - 152 = 2*d - 16. Calculate the remainder when 150/9*12/10 is divided by 2/((-16)/d) + (-1)/4.
6
Suppose 5*j + 3*u + 333 = 0, -6*j + 4*u - 194 = -3*j. Let w = -60 - j. What is the remainder when 24 is divided by w?
0
Let q(r) = -r**3 + 7*r**2 - 3*r - 15. Let z be q(7). Let l = 37 + z. What is the remainder when 1 is divided by l?
0
What is the remainder when -9*86/(-6) - (0 + 3) is divided by 43?
40
Suppose 4 = 4*x - 0. Calculate the remainder when 35 is divided by x - ((-102)/9)/((-8)/(-12)).
17
Let t = 133 - 109. What is the remainder when t is divided by 10?
4
Let k = -75 + 79. Let v = -8 - -16. Suppose -3*l - v = -k*l. Calculate the remainder when 29 is divided by l.
5
Suppose 32 + 194 = -2*o. Let k = -108 - o. What is the remainder when 13 is divided by k?
3
Let p(q) = q**2 - 2*q - 6. What is the remainder when 135 is divided by p(7)?
19
Suppose 7*l + 84 = 11*l. Let m(s) = -41*s. What is the remainder when m(-2) is divided by l?
19
Suppose -5*a + 10 = 0, 31*o + 4*a - 156 = 27*o. Calculate the remainder when o is divided by 16.
5
Let z = -45 + 45. Suppose -5*f = -2*v + 94, 4 + z = -f. Calculate the remainder when v is divided by 10.
7
Let v(t) = t**3 + 10*t**2 + 2*t + 22. Let j be v(-10). Suppose 20 = j*u - 14. Calculate the remainder when 83 is divided by u.
15
Let r(p) be the second derivative of -3*p**5/10 + p**4/12 + p**3/2 + p**2/2 - 14*p. What is the remainder when r(-2) is divided by 24?
23
Let n(x) = -x**3 + x**2 + 48*x + 176. Calculate the remainder when n(-5) is divided by 84.
2
Let r = -167 + 253. What is the remainder when r is divided by 144/6 + (-4 - 2)?
14
Let j = 89 + -84. Suppose q = j*q - 76. Calculate the remainder when q is divided by 4.
3
Suppose -5*r + 4*c + 131 = 3, -c - 137 = -5*r. Calculate the remainder when 80 is divided by r.
24
Let x(r) = 67*r - 1. Let o be x(1). Let q(g) = 3*g**2 - 3*g - 1. What is the remainder when (-15)/3 + 4 + o is divided by q(3)?
14
Let i = 7 + -8. Let a be (-3 - -3)/(1/i). Suppose -8*n + 24 = -a*n. Calculate the remainder when n is divided by 1.
0
Suppose 0 = -47*p + 45*p + 1854. Calculate the remainder when p is divided by 16.
15
Let a(c) = 7 - 3*c + 10 + 4*c + 3. Calculate the remainder when 55 is divided by a(0).
15
Let r(g) = 9*g**2 - 11*g - 6. What is the remainder when 564 is divided by r(4)?
0
Suppose 2*m - 4*c - 14 = 8, 4*m + 4*c + 4 = 0. Calculate the remainder when 23 is divided by m.
2
Let t = -23 + 23. Suppose t = -3*x + 3, 3*s - 33 - 135 = -3*x. Calculate the remainder when s is divided by 14.
13
Let n(r) = -6*r - 8. Let g be n(-2). Suppose -g*l - 7*l = -1903. Calculate the remainder when l is divided by 44.
41
Suppose 1928 = 377*m - 369*m. What is the remainder when m is divided by 21?
10
Let a(k) = 3*k + 3. Let v be a(-3). Let b(i) = -5*i - 10. Let p(l) = -l - 2. Let y(u) = -b(u) + 6*p(u). Calculate the remainder when y(v) is divided by 2.
0
Suppose 1334 = -4*i + 1370. Calculate the remainder when 127 is divided by i.
1
Let t(q) = q**3 + 17*q**2 - 19*q + 27. Calculate the remainder when 175 is divided by t(-18).
40
Let j(h) = -h**2 + 8*h + 10. Let q(n) = n**2 + 20*n + 43. Let i be q(-18). What is the remainder when 99 is divided by j